31)?
-22
Let r(p) = -p**3 - 9*p**2 - 76*p - 339. Give r(-6).
9
Let s(c) = 238*c + 75. What is s(-1)?
-163
Let m(i) = -i**3 - 3*i**2 + 2*i - 17. What is m(-4)?
-9
Let z(u) = -45*u**3 - 15*u - 13. What is z(-1)?
47
Let j(i) = -i**3 + 3*i**2 - 15*i + 32. Give j(7).
-269
Let p(k) = 6*k**2 - 12*k + 11. Determine p(2).
11
Let p(j) = -5*j**3 - 237*j**2 - 107*j - 640. Determine p(-47).
-29
Let w(l) = -l**3 + 8*l**2 + 884*l - 10033. Calculate w(12).
-1
Let h(y) = 60*y - 26. What is h(-3)?
-206
Let n(a) = -23*a**2 - 8*a + 17. Calculate n(-2).
-59
Let w(s) = -2*s**3 + 7*s**2 + 44*s + 7. Determine w(-4).
71
Let h(u) = -11*u**2 + 72*u - 9. What is h(6)?
27
Let y(b) = b**3 - 44*b**2 + 27. What is y(44)?
27
Let y(r) = -1602*r + 4805. What is y(3)?
-1
Let p(q) = q**2 + 375*q - 747. Determine p(2).
7
Let i(q) = -q**3 + 33*q**2 + 65*q + 117. Give i(35).
-58
Let j(g) = -g**3 - 11*g**2 - 23*g - 2. Determine j(-7).
-37
Let r(n) = 4*n**2 - 32*n + 21. Give r(5).
-39
Let l(q) = q**3 - 18*q**2 - 209*q + 11. What is l(-8)?
19
Let t(r) = -6*r - 292. Determine t(-25).
-142
Let v(l) = l**2 - 18*l - 31. Determine v(11).
-108
Let g(w) = 10441*w - 135733. What is g(13)?
0
Let i(y) = 10*y**2 + 122*y + 29. Determine i(-11).
-103
Let z(b) = -249*b + 584. Calculate z(3).
-163
Let v(j) = j + 7. Give v(16).
23
Let d(v) = 3*v**2 + 57*v + 279. What is d(-5)?
69
Let c(s) = 72*s + 833. Determine c(-28).
-1183
Let k(b) = -b**2 + 21*b + 186. Give k(26).
56
Let d(k) = -k**3 + 71*k**2 + 134*k + 417. What is d(73)?
-459
Let v(q) = q**2 + 43*q - 696. What is v(13)?
32
Let b(j) = -252*j - 6292. Calculate b(-25).
8
Let u(n) = n**3 + 28*n**2 + 58*n + 140. Determine u(-26).
-16
Let x(u) = -451*u + 2810. Determine x(6).
104
Let m(x) = x**3 + 67*x**2 + 11. Give m(-67).
11
Let x(f) = 99*f - 30. What is x(-1)?
-129
Let h(a) = -a**3 - 18*a**2 + 22*a + 52. What is h(-19)?
-5
Let n(i) = 406*i - 15024. Calculate n(37).
-2
Let s(v) = -2*v**3 + 21*v**2 - 23*v + 58. Calculate s(10).
-72
Let t(i) = 106*i**2 - 535*i - 5. Give t(5).
-30
Let m(d) = -d**3 - 13*d**2 + 136*d + 36. What is m(7)?
8
Let a(m) = -m**3 - m**2 - 31*m - 59. Determine a(-2).
7
Let o(s) = 3*s - 15. What is o(27)?
66
Let z(h) = -h**3 - 40*h**2 - 26*h + 151. What is z(-39)?
-356
Let i(s) = -33*s - 2711. Give i(-96).
457
Let o(a) = -7*a**2 + 3*a - 2. Calculate o(-3).
-74
Let g(h) = -150*h**3 - 900*h**2 + 4*h - 25. Calculate g(-6).
-49
Let c(h) = h**2 + 3*h - 470. Calculate c(-24).
34
Let o(c) = 2*c**2 + 136*c - 2925. What is o(-85)?
-35
Let o(v) = -7*v**2 + 16*v. Determine o(3).
-15
Let h(u) = 3*u - 38. Determine h(-14).
-80
Let y(o) = -234*o + 1176. Give y(5).
6
Let j(b) = -188*b - 2436. Give j(-13).
8
Let p(v) = -573*v + 2863. Determine p(5).
-2
Let x(k) = 402*k**2 + 2403*k + 21. Give x(-6).
75
Let k(n) = 59*n**3 - 4*n**2 - 12*n - 7. Calculate k(-1).
-58
Let a(j) = 9*j**3 - 11*j**2 + 3*j + 12. What is a(-1)?
-11
Let m(l) = 13*l**2 - 102*l - 30. Determine m(8).
-14
Let g(m) = 4*m**3 + 77*m**2 + 226*m + 2. Calculate g(-3).
-91
Let d(k) = 186*k + 1382. Determine d(-10).
-478
Let b(l) = l**3 - 14*l**2 + 32*l - 28. Calculate b(13).
219
Let p(f) = 2907*f - 14538. Calculate p(5).
-3
Let g(j) = 31*j**2 - 81*j - 11. Determine g(3).
25
Let i(f) = -25*f**2 - 19*f + 6. Determine i(-1).
0
Let u(g) = -8*g**2 + 74*g - 73. Calculate u(1).
-7
Let o(l) = -291*l + 1016. Determine o(4).
-148
Let d(z) = -276*z + 281. Determine d(1).
5
Let d(o) = o**2 - 59*o + 50. Give d(0).
50
Let y(z) = 2*z**2 + 30*z - 92. Determine y(-25).
408
Let g(w) = -1934*w - 15483. What is g(-8)?
-11
Let c(n) = n**2 + 71*n + 1266. Calculate c(-36).
6
Let f(p) = 12*p - 559. What is f(46)?
-7
Let l(p) = -9*p**2 - 78*p - 10. Calculate l(0).
-10
Let n(s) = -114*s + 79. Calculate n(1).
-35
Let n(m) = 59*m - 804. Determine n(7).
-391
Let m(a) = -a**3 + 153*a**2 + 294*a + 2473. Determine m(155).
-7
Let n(u) = u**2 - 19*u + 88. Calculate n(10).
-2
Let x(w) = w**2 - 111*w + 2316. Give x(32).
-212
Let c(n) = -319*n + 320. Calculate c(1).
1
Let q(l) = l**3 - 4*l**2 - 23*l + 40. What is q(6)?
-26
Let y(z) = z**3 + 9*z**2 + 167*z + 1702. Determine y(-10).
-68
Let l(w) = w**3 - 26*w**2 + 155*w + 153. Give l(15).
3
Let q(w) = -w**3 - 13*w**2 + 15*w - 45. Give q(-9).
-504
Let x(p) = 5*p**2 - 85*p - 140. Give x(23).
550
Let c(q) = -2*q**3 - 7*q**2 + 5*q - 7. Calculate c(-6).
143
Let f(l) = -4*l**3 + 9*l**2 - 16*l + 22. What is f(2)?
-6
Let w(u) = -u**3 + 23*u**2 + 430*u + 85. Calculate w(-12).
-35
Let r(j) = -5*j**2 + 47*j - 24. What is r(10)?
-54
Let l(o) = 738*o - 2948. Calculate l(4).
4
Let y(o) = o**3 + 9*o**2 + 28*o + 19. Give y(-6).
-41
Let z(v) = -3*v**2 + 172*v - 1221. Determine z(8).
-37
Let y(c) = c**3 + 12*c**2 - 165*c - 79. Give y(-20).
21
Let k(o) = -36*o - 9. Give k(3).
-117
Let v(m) = -258*m - 723. What is v(-5)?
567
Let m(l) = 43*l - 26. What is m(2)?
60
Let y(x) = -x**3 - 11*x**2 + 35*x + 147. What is y(-12)?
-129
Let c(s) = 52*s - 673. Give c(12).
-49
Let o(f) = 226*f + 2936. Determine o(-13).
-2
Let p(s) = 7*s**2 + 64*s + 38. Calculate p(-8).
-26
Let d(r) = 20*r + 222. What is d(-14)?
-58
Let q(h) = h**2 - 43*h - 259. What is q(48)?
-19
Let s(i) = 3*i**2 + 10*i - 1156. Calculate s(18).
-4
Let z(k) = 2*k**2 - 24*k + 163. Calculate z(12).
163
Let b(h) = -h**3 - 14*h**2 - 5*h + 82. Give b(-13).
-22
Let o(p) = -73*p - 605. Give o(-5).
-240
Let r(f) = 2*f**2 + 92*f + 446. Give r(-6).
-34
Let y(n) = n**2 - 2*n - 22. What is y(20)?
338
Let c(j) = 192*j + 1336. Determine c(-7).
-8
Let s(t) = 210*t**3 + 3*t**2 - 23*t + 20. Calculate s(1).
210
Let j(n) = n**3 - 7*n**2 - 59*n + 216. Determine j(5).
-129
Let w(j) = j**3 - 29*j**2 + 61*j. Determine w(27).
189
Let z(u) = 3*u**3 - 4*u**2 - 15*u + 7. What is z(5)?
207
Let o(g) = 1017*g. Calculate o(0).
0
Let o(n) = -29*n - 1253. Calculate o(-46).
81
Let m(c) = c**2 - 43*c + 337. Determine m(10).
7
Let h(v) = 246*v - 1952. Give h(8).
16
Let w(x) = -11*x**3 - 6*x**2 + 13*x - 24. What is w(2)?
-110
Let v(s) = -s**2 - 58*s - 358. Give v(-7).
-1
Let n(g) = g**3 + 9*g**2 - 909*g + 27. Calculate n(-35).
-8
Let w(p) = 28*p + 2687. What is w(-96)?
-1
Let k(r) = 2*r**2 + 3*r - 135. Give k(-8).
-31
Let v(d) = 711*d - 5668. Calculate v(8).
20
Let o(q) = -5*q**2 + 32*q - 59. Determine o(8).
-123
Let a(v) = v**3 + 17*v**2 + 19*v + 38. What is a(-16)?
-10
Let l(w) = -8*w**3 - 225*w**2 - 31*w - 16. Determine l(-28).
68
Let j(u) = -u**3 + 20*u**2 - 31*u - 140. Give j(18).
-50
Let h(a) = -7*a**2 + 1119*a + 7151. What is h(166)?
13
Let o(t) = -t**3 + 34*t**2 + 191*t + 66. Give o(39).
-90
Let t(k) = 4*k**3 + 97*k**2 + 30*k + 29. What is t(-24)?
-115
Let x(j) = -j**2 + 14*j + 371. Calculate x(-14).
-21
Let z(d) = 5*d**3 - 45*d**2 + 34*d - 301. What is z(9)?
5
Let t(d) = d**3 - 21*d**2 - d - 1018. Determine t(23).
17
Let y(p) = p**3 - 31*p**2 + 16*p + 407. Determine y(30).
-13
Let r(v) = -v**3 - 18*v**2 + 42*v + 603. What is r(-19)?
166
Let g(i) = -510*i - 2022. Give g(-4).
18
Let p(j) = j**3 - 6*j**2 + 64*j - 429. Give p(7).
68
Let t(o) = -o**2 - 8*o + 1141. What is t(-38)?
1
Let p(i) = 7*i + 4. What is p(6)?
46
Let p(x) = -45*x - 339. What is p(-9)?
66
Let x(m) = -82*m**2 - 330*m - 4. Give x(-4).
4
Let m(k) = 2*k**3 + 3*k**2 - 52*k + 48. Calculate m(7).
517
Let g(r) = -7*r**2 - 53*r + 618. Determine g(11).
-812
Let i(g) = 9*g**2 - 2*g - 8. Give i(0).
-8
Let k(t) = -t**3 - 2*t**2 + 40*t - 7. Calculate k(5).
18
Let c(g) = g**3 - 29*g**2 + 72*g + 92. Calculate c(26).
-64
Let n(q) = 86*q + 396. Give n(-5).
-34
Let c(o) = -8*o**3 + 126*o**2 - 363*o + 41. Determine c(12).
5
Let r(k) = k**3 + 11*k**2 + 6*k - 35. Give r(-10).
5
Let d(g) = -72*g**2 - 15*g - 13. Calculate d(-1).
-70
Let m(k) = -63*k - 1837. Determine m(-24).
-325
Let b(i) = 26*i + 1474. Give b(-56).
18
Let a(c) = -4*c**3 + 152*c**2 + 4640*c + 5. Calculate a(-20).
5
Let p(d) = -d**3 - 3*d**2 - 89*d + 1100. Determine p(7).
-13
Let i(m) = -m**3 + 15*m**2 + 30*m - 12. Calculate i(16).
212
Let k(o) = 4*o**2 + 18*o - 145. Give k(-10).
75
Let q(v) = -2343*v + 84339. Give q(36).
-9
Let r(q) = 49*q - 51. Determine r(6).
243
Let b(a) = a**3 - 38*a**2 - 256*a - 353. Give b(44).
-1
Let r(o) = -o**2 - 41*o - 300. Calculate r(-7).
-62
Let f(t) = t**3 - 8*t**2 + 5*t - 32. Determine f(8).
8
Let l(s) = 2*s**3 - 236*s**2 + 6